{"id":26,"date":"2010-09-28T17:06:33","date_gmt":"2010-09-28T17:06:33","guid":{"rendered":"http:\/\/www.taoroconsultores.com\/?page_id=26"},"modified":"2021-04-28T11:54:14","modified_gmt":"2021-04-28T11:54:14","slug":"administracion-de-fincas","status":"publish","type":"page","link":"https:\/\/taoroconsultores.com\/?page_id=26","title":{"rendered":"Administraci\u00f3n de Fincas"},"content":{"rendered":"<div class=\"et_d4_element et_pb_section et_pb_section_0  et_pb_css_mix_blend_mode et_section_regular et_block_section\" >\n\t\t\t\t\n\t\t\t\t\n\t\t\t\t\n\t\t\t\t\n\t\t\t\t\n\t\t\t\t\n\t\t\t\t<div class=\"et_d4_element et_pb_row et_pb_row_0  et_pb_css_mix_blend_mode et_block_row\">\n\t\t\t\t<div class=\"et_d4_element et_pb_column_1_2 et_pb_column et_pb_column_0  et_pb_css_mix_blend_mode et_block_column\">\n\t\t\t\t\n\t\t\t\t\n\t\t\t\t\n\t\t\t\t\n\t\t\t\t<div class=\"et_pb_module et_d4_element et_pb_text et_pb_text_0  et_pb_text_align_justified et_pb_bg_layout_light\">\n\t\t\t\t\n\t\t\t\t\n\t\t\t\t\n\t\t\t\t\n\t\t\t\t<div class=\"et_pb_text_inner\"><p>La Administraci\u00f3n de fincas de <strong>Taoro Consultores<\/strong> realiza\u00a0la gesti\u00f3n integral a comunidades de propietarios. Para ello ponemos a disposici\u00f3n de todos los propietarios un equipo humano joven que cuenta con una amplia experiencia en el sector y con la especializaci\u00f3n y cualificaci\u00f3n adecuada adem\u00e1s de las garant\u00edas, fiabilidad y tranquilidad que ofrece contar con profesionales colegiados.<\/p>\n<p>Es para nosotros una\u00a0vocaci\u00f3n el\u00a0servicio y esfuerzo diario que nos lleva a mantenernos en permanente comunicaci\u00f3n de forma personal con los miembros de la <strong>Junta de Gobierno<\/strong> o <strong>Comisi\u00f3n<\/strong> creada al efecto de forma que nuestra gesti\u00f3n es totalmente clara y transparente.<\/p><\/div>\n\t\t\t<\/div>\n\t\t\t<\/div><div class=\"et_d4_element et_pb_column_1_2 et_pb_column et_pb_column_1  et_pb_css_mix_blend_mode et-last-child et_block_column\">\n\t\t\t\t\n\t\t\t\t\n\t\t\t\t\n\t\t\t\t\n\t\t\t\t<div class=\"et_pb_module et_d4_element et_pb_text et_pb_text_1  et_pb_text_align_justified et_pb_bg_layout_light\">\n\t\t\t\t\n\t\t\t\t\n\t\t\t\t\n\t\t\t\t\n\t\t\t\t<div class=\"et_pb_text_inner\"><p>Nos comprometemos a mantenerles permanentemente informados mediante la entrega de informes contables, contar con nuestra presencia de manera inmediata y llevando la direcci\u00f3n de las <strong>juntas de propietarios<\/strong>.<\/p>\n<p>Realizamos\u00a0balances contables a la fecha, comparativas de gastos reales <em>versus<\/em> presupuesto aprobado, de forma que se pueda ir controlando el gasto durante el ejercicio,\u00a0sin sorpresas desagradables al final; detalle pormenorizado de gastos y relaci\u00f3n de propietarios con saldos deudores.<\/p>\n<p>Nuestra prioridad,\u00a0adem\u00e1s del control y supervisi\u00f3n de los gastos, es el estudio de los contratos de mantenimiento y suministros de la comunidad y el control de la morosidad, claves de una econom\u00eda saneada para su <strong>comunidad<\/strong>.<\/p><\/div>\n\t\t\t<\/div>\n\t\t\t<\/div>\n\t\t\t\t\n\t\t\t\t\n\t\t\t\t\n\t\t\t\t\n\t\t\t<\/div>\n\t\t\t\t\n\t\t\t\t\n\t\t\t<\/div>\n","protected":false},"excerpt":{"rendered":"","protected":false},"author":2,"featured_media":890,"parent":15,"menu_order":20,"comment_status":"closed","ping_status":"closed","template":"","meta":{"_et_pb_use_builder":"on","_et_pb_old_content":"<img class=\"alignnone size-full wp-image-388\" alt=\"TaoroConsultores-960-12\" src=\"https:\/\/taoroconsultores.com\/wp-content\/uploads\/2010\/09\/TaoroConsultores-960-12.jpg\" width=\"960\" height=\"300\" \/>\r\n\r\nLa Administraci\u00f3n de fincas de Taoro Consultores realiza\u00a0la gesti\u00f3n integral a comunidades de propietarios. Para ello ponemos a disposici\u00f3n de todos los propietarios un equipo humano joven que cuenta con una amplia experiencia en el sector y con la especializaci\u00f3n y cualificaci\u00f3n adecuada adem\u00e1s de las garant\u00edas, fiabilidad y tranquilidad que ofrece contar con profesionales colegiados.\r\n\r\nEs para nosotros una\u00a0vocaci\u00f3n el\u00a0servicio y esfuerzo diario que nos lleva a mantenernos en permanente comunicaci\u00f3n de forma personal con los miembros de la Junta de Gobierno o Comisi\u00f3n creada al efecto de forma que nuestra gesti\u00f3n es totalmente clara y transparente. Con el compromiso de mantenerles permanentemente informados con la entrega de informes contables, presencia inmediata y direcci\u00f3n de las juntas de propietarios. Realizamos\u00a0balances contable a la fecha, comparativo de gastos con presupuesto aprobado de forma que se pueda ir controlando el gasto durante el ejercicio, detalle pormenorizado de gastos y relaci\u00f3n de propietarios con saldos deudores.\r\n\r\nNuestra prioridad,\u00a0adem\u00e1s del control y supervisi\u00f3n de los gastos, es el estudio de los contratos de mantenimiento y suministros de la comunidad y el control de la morosidad, claves de una econom\u00eda saneada para su comunidad.","_et_gb_content_width":"","footnotes":""},"class_list":["post-26","page","type-page","status-publish","has-post-thumbnail","hentry"],"aioseo_notices":[],"_links":{"self":[{"href":"https:\/\/taoroconsultores.com\/index.php?rest_route=\/wp\/v2\/pages\/26","targetHints":{"allow":["GET"]}}],"collection":[{"href":"https:\/\/taoroconsultores.com\/index.php?rest_route=\/wp\/v2\/pages"}],"about":[{"href":"https:\/\/taoroconsultores.com\/index.php?rest_route=\/wp\/v2\/types\/page"}],"author":[{"embeddable":true,"href":"https:\/\/taoroconsultores.com\/index.php?rest_route=\/wp\/v2\/users\/2"}],"replies":[{"embeddable":true,"href":"https:\/\/taoroconsultores.com\/index.php?rest_route=%2Fwp%2Fv2%2Fcomments&post=26"}],"version-history":[{"count":5,"href":"https:\/\/taoroconsultores.com\/index.php?rest_route=\/wp\/v2\/pages\/26\/revisions"}],"predecessor-version":[{"id":1131,"href":"https:\/\/taoroconsultores.com\/index.php?rest_route=\/wp\/v2\/pages\/26\/revisions\/1131"}],"up":[{"embeddable":true,"href":"https:\/\/taoroconsultores.com\/index.php?rest_route=\/wp\/v2\/pages\/15"}],"wp:featuredmedia":[{"embeddable":true,"href":"https:\/\/taoroconsultores.com\/index.php?rest_route=\/wp\/v2\/media\/890"}],"wp:attachment":[{"href":"https:\/\/taoroconsultores.com\/index.php?rest_route=%2Fwp%2Fv2%2Fmedia&parent=26"}],"curies":[{"name":"wp","href":"https:\/\/api.w.org\/{rel}","templated":true}]}}