{"id":44,"date":"2010-09-28T17:12:39","date_gmt":"2010-09-28T17:12:39","guid":{"rendered":"http:\/\/www.taoroconsultores.com\/?page_id=44"},"modified":"2021-04-15T12:35:30","modified_gmt":"2021-04-15T12:35:30","slug":"noticias","status":"publish","type":"page","link":"https:\/\/taoroconsultores.com\/?page_id=44","title":{"rendered":"Blog"},"content":{"rendered":"<div class=\"et_d4_element et_pb_section et_pb_section_0  et_pb_css_mix_blend_mode et_section_regular et_block_section\" >\n\t\t\t\t\n\t\t\t\t\n\t\t\t\t\n\t\t\t\t\n\t\t\t\t\n\t\t\t\t\n\t\t\t\t<div class=\"et_d4_element et_pb_row et_pb_row_0  et_pb_css_mix_blend_mode et_block_row\">\n\t\t\t\t<div class=\"et_d4_element et_pb_column_4_4 et_pb_column et_pb_column_0  et_pb_css_mix_blend_mode et-last-child et_block_column\">\n\t\t\t\t\n\t\t\t\t\n\t\t\t\t\n\t\t\t\t\n\t\t\t\t<div class=\"et_pb_module et_d4_element et_pb_blog_0  et_pb_css_mix_blend_mode et_pb_blog_grid_wrapper et_pb_bg_layout_light\">\n\t\t\t\t\t<div class=\"et_pb_blog_grid clearfix \">\n\t\t\t\t\t\n\t\t\t\t\t\n\t\t\t\t\t\n\t\t\t\t\t\n\t\t\t\t\t<div class=\"et_pb_ajax_pagination_container\">\n\t\t\t\t\t\t<div class=\"et_pb_salvattore_content\" data-columns>\n\t\t\t<article id=\"post-1215\" class=\"et_pb_post clearfix et_pb_no_thumb et_pb_has_overlay et_pb_blog_item_0_0 post-1215 post type-post status-publish format-standard hentry category-blog\">\n\n\t\t\t\t\n\t\t\t\t\t\t\t\t\t\t\t\t\t\t<h2 class=\"entry-title\">\n\t\t\t\t\t\t\t\t\t\t\t\t\t<a href=\"https:\/\/taoroconsultores.com\/?p=1215\">NOVEDADES CON EL IMPUESTO DE SOCIEDADES PARA EL 2023<\/a>\n\t\t\t\t\t\t\t\t\t\t\t<\/h2>\n\t\t\t\t\n\t\t\t\t\t<p class=\"post-meta\"><span class=\"published\">Nov, 2022<\/span><\/p><div class=\"post-content\"><div class=\"post-content-inner\"><p>Si los Presupuestos Generales del Estado para 2023 se aprueban en los t\u00e9rminos del actual proyecto que se ha hecho p\u00fablico, a partir de dicho ejercicio 2023, las empresas que en el per\u00edodo impositivo anterior hayan tenido un importe neto de la cifra de negocios...<\/p>\n<\/div><a href=\"https:\/\/taoroconsultores.com\/?p=1215\" class=\"more-link\">leer m\u00e1s<\/a><\/div>\t\t\t\n\t\t\t<\/article>\n\t\t\t\t\n\t\t\t<article id=\"post-1207\" class=\"et_pb_post clearfix et_pb_no_thumb et_pb_has_overlay et_pb_blog_item_0_1 post-1207 post type-post status-publish format-standard hentry category-blog\">\n\n\t\t\t\t\n\t\t\t\t\t\t\t\t\t\t\t\t\t\t<h2 class=\"entry-title\">\n\t\t\t\t\t\t\t\t\t\t\t\t\t<a href=\"https:\/\/taoroconsultores.com\/?p=1207\">Campa\u00f1a de control de pagos en efectivo<\/a>\n\t\t\t\t\t\t\t\t\t\t\t<\/h2>\n\t\t\t\t\n\t\t\t\t\t<p class=\"post-meta\"><span class=\"published\">Oct, 2022<\/span><\/p><div class=\"post-content\"><div class=\"post-content-inner\"><p>Seg\u00fan el Plan de Control Tributario, una de las prioridades de Hacienda es la comprobaci\u00f3n de los pagos en efectivo. Si tanto usted o su empresa realizan ventas a particulares de forma habitual, puede ser objeto de una de estas comprobaciones.Plan de Control...<\/p>\n<\/div><a href=\"https:\/\/taoroconsultores.com\/?p=1207\" class=\"more-link\">leer m\u00e1s<\/a><\/div>\t\t\t\n\t\t\t<\/article>\n\t\t\t\t\n\t\t\t<article id=\"post-645\" class=\"et_pb_post clearfix et_pb_no_thumb et_pb_has_overlay et_pb_blog_item_0_2 post-645 post type-post status-publish format-standard hentry category-blog\">\n\n\t\t\t\t\n\t\t\t\t\t\t\t\t\t\t\t\t\t\t<h2 class=\"entry-title\">\n\t\t\t\t\t\t\t\t\t\t\t\t\t<a href=\"https:\/\/taoroconsultores.com\/?p=645\">HIPOTECAS: AUNQUE HUBIESE ACEPTADO<\/a>\n\t\t\t\t\t\t\t\t\t\t\t<\/h2>\n\t\t\t\t\n\t\t\t\t\t<p class=\"post-meta\"><span class=\"published\">Dic, 2017<\/span><\/p><div class=\"post-content\"><div class=\"post-content-inner\"><p>Al modificar las condiciones de su hipoteca, el banco aprovech\u00f3 para hacerle firmar un documento conforme conoc\u00eda y aceptaba la cl\u00e1usula suelo. \u00bfPodr\u00e1 reclamar la nulidad de dicha cl\u00e1usula tambi\u00e9n en este caso? Hubo una novaci\u00f3n Reconocimiento. Hace unos a\u00f1os, usted...<\/p>\n<\/div><a href=\"https:\/\/taoroconsultores.com\/?p=645\" class=\"more-link\">leer m\u00e1s<\/a><\/div>\t\t\t\n\t\t\t<\/article>\n\t\t\t\t\n\t\t\t<article id=\"post-517\" class=\"et_pb_post clearfix et_pb_no_thumb et_pb_has_overlay et_pb_blog_item_0_3 post-517 post type-post status-publish format-standard hentry category-blog\">\n\n\t\t\t\t\n\t\t\t\t\t\t\t\t\t\t\t\t\t\t<h2 class=\"entry-title\">\n\t\t\t\t\t\t\t\t\t\t\t\t\t<a href=\"https:\/\/taoroconsultores.com\/?p=517\">UN EJEMPLO DE DEDUCCION POR BENEFICIOS<\/a>\n\t\t\t\t\t\t\t\t\t\t\t<\/h2>\n\t\t\t\t\n\t\t\t\t\t<p class=\"post-meta\"><span class=\"published\">Ago, 2014<\/span><\/p><div class=\"post-content\"><div class=\"post-content-inner\"><p>Las obras que dan derecho a una deducci\u00f3n por inversi\u00f3n de beneficios. Si usted compr\u00f3 un local en el que tuvo que realizar unas reformas. \u00bfSabe que dichas obras pueden dar lugar a la deducci\u00f3n por inversi\u00f3n de beneficios?.. Reformas. Si compr\u00f3 un local en 2013. Sin...<\/p>\n<\/div><a href=\"https:\/\/taoroconsultores.com\/?p=517\" class=\"more-link\">leer m\u00e1s<\/a><\/div>\t\t\t\n\t\t\t<\/article>\n\t\t\t\t\n\t\t\t<article id=\"post-494\" class=\"et_pb_post clearfix et_pb_no_thumb et_pb_has_overlay et_pb_blog_item_0_4 post-494 post type-post status-publish format-standard hentry category-blog\">\n\n\t\t\t\t\n\t\t\t\t\t\t\t\t\t\t\t\t\t\t<h2 class=\"entry-title\">\n\t\t\t\t\t\t\t\t\t\t\t\t\t<a href=\"https:\/\/taoroconsultores.com\/?p=494\">Declaraci\u00f3n de bienes en el extranjero<\/a>\n\t\t\t\t\t\t\t\t\t\t\t<\/h2>\n\t\t\t\t\n\t\t\t\t\t<p class=\"post-meta\"><span class=\"published\">Feb, 2014<\/span><\/p><div class=\"post-content\"><div class=\"post-content-inner\"><p>Entre el 1 de enero y el 31 de marzo debe presentarse la \"Declaraci\u00f3n informativa sobre bienes y derechos situados en el extranjero\" (modelo 720) relativa al a\u00f1o 2013.\u00a0 Recuerden que deber\u00e1n presentar dicha declaraci\u00f3n en los siguientes casos: Si ya present\u00f3 la...<\/p>\n<\/div><a href=\"https:\/\/taoroconsultores.com\/?p=494\" class=\"more-link\">leer m\u00e1s<\/a><\/div>\t\t\t\n\t\t\t<\/article>\n\t\t\t\t\n\t\t\t<article id=\"post-377\" class=\"et_pb_post clearfix et_pb_no_thumb et_pb_has_overlay et_pb_blog_item_0_5 post-377 post type-post status-publish format-standard hentry category-blog\">\n\n\t\t\t\t\n\t\t\t\t\t\t\t\t\t\t\t\t\t\t<h2 class=\"entry-title\">\n\t\t\t\t\t\t\t\t\t\t\t\t\t<a href=\"https:\/\/taoroconsultores.com\/?p=377\">\u00bfCu\u00e1les son los requisitos administrativos imprescindibles?<\/a>\n\t\t\t\t\t\t\t\t\t\t\t<\/h2>\n\t\t\t\t\n\t\t\t\t\t<p class=\"post-meta\"><span class=\"published\">May, 2013<\/span><\/p><div class=\"post-content\"><div class=\"post-content-inner\"><p>Pueden variar en funci\u00f3n del sector concreto de tu empresa y de algunas diferencias normativas a distintos niveles, aunque b\u00e1sicamente podemos subrayar lo siguiente: Ayuntamiento: licencia de obras, licencia de apertura e Impuesto de Bienes Inmuebles. Administraci\u00f3n...<\/p>\n<\/div><a href=\"https:\/\/taoroconsultores.com\/?p=377\" class=\"more-link\">leer m\u00e1s<\/a><\/div>\t\t\t\n\t\t\t<\/article>\n\t\t\t\t\n\t\t\t<article id=\"post-372\" class=\"et_pb_post clearfix et_pb_no_thumb et_pb_has_overlay et_pb_blog_item_0_6 post-372 post type-post status-publish format-standard hentry category-blog\">\n\n\t\t\t\t\n\t\t\t\t\t\t\t\t\t\t\t\t\t\t<h2 class=\"entry-title\">\n\t\t\t\t\t\t\t\t\t\t\t\t\t<a href=\"https:\/\/taoroconsultores.com\/?p=372\">\u00bfC\u00f3mo elegir la forma jur\u00eddica de tu nueva empresa?<\/a>\n\t\t\t\t\t\t\t\t\t\t\t<\/h2>\n\t\t\t\t\n\t\t\t\t\t<p class=\"post-meta\"><span class=\"published\">May, 2013<\/span><\/p><div class=\"post-content\"><div class=\"post-content-inner\"><p>Antes de analizar las distintas formas existentes, es necesario determinar los factores que determinan la elecci\u00f3n de la forma jur\u00eddica de la empresa. Resumiendo, podemos se\u00f1alar los siguientes: Tipo de actividad a ejercer. Tanto la actividad a ejercer como el sector...<\/p>\n<\/div><a href=\"https:\/\/taoroconsultores.com\/?p=372\" class=\"more-link\">leer m\u00e1s<\/a><\/div>\t\t\t\n\t\t\t<\/article>\n\t\t\t\t\n\t\t\t<article id=\"post-370\" class=\"et_pb_post clearfix et_pb_no_thumb et_pb_has_overlay et_pb_blog_item_0_7 post-370 post type-post status-publish format-standard hentry category-blog\">\n\n\t\t\t\t\n\t\t\t\t\t\t\t\t\t\t\t\t\t\t<h2 class=\"entry-title\">\n\t\t\t\t\t\t\t\t\t\t\t\t\t<a href=\"https:\/\/taoroconsultores.com\/?p=370\">\u00bfQu\u00e9 conlleva crear una empresa?<\/a>\n\t\t\t\t\t\t\t\t\t\t\t<\/h2>\n\t\t\t\t\n\t\t\t\t\t<p class=\"post-meta\"><span class=\"published\">May, 2013<\/span><\/p><div class=\"post-content\"><div class=\"post-content-inner\"><p>Crear una empresa supone poner en juego recursos naturales, humanos, econ\u00f3micos, etc., adem\u00e1s de coordinar los mismos con la mayor efectividad posible, con el fin de que la empresa alcance los objetivos inicialmente planteados. El promotor de un nuevo proyecto...<\/p>\n<\/div><a href=\"https:\/\/taoroconsultores.com\/?p=370\" class=\"more-link\">leer m\u00e1s<\/a><\/div>\t\t\t\n\t\t\t<\/article>\n\t\t\t\t\n\t\t\t<article id=\"post-363\" class=\"et_pb_post clearfix et_pb_no_thumb et_pb_has_overlay et_pb_blog_item_0_8 post-363 post type-post status-publish format-standard hentry category-blog\">\n\n\t\t\t\t\n\t\t\t\t\t\t\t\t\t\t\t\t\t\t<h2 class=\"entry-title\">\n\t\t\t\t\t\t\t\t\t\t\t\t\t<a href=\"https:\/\/taoroconsultores.com\/?p=363\">Crea tu Empresa<\/a>\n\t\t\t\t\t\t\t\t\t\t\t<\/h2>\n\t\t\t\t\n\t\t\t\t\t<p class=\"post-meta\"><span class=\"published\">May, 2013<\/span><\/p><div class=\"post-content\"><div class=\"post-content-inner\"><p>Introducci\u00f3n A la hora de emprender cualquier negocio hay que partir desde un inicio. As\u00ed, una empresa se puede entender como la materializaci\u00f3n de la idea de un empresario. Teniendo en cuenta lo anterior se puede afirmar que en toda actividad empresarial hay dos...<\/p>\n<\/div><a href=\"https:\/\/taoroconsultores.com\/?p=363\" class=\"more-link\">leer m\u00e1s<\/a><\/div>\t\t\t\n\t\t\t<\/article>\n\t\t\t\t<\/div><div><div class=\"pagination clearfix\">\n\t<div class=\"alignleft\"><\/div>\n\t<div class=\"alignright\"><\/div>\n<\/div><\/div><\/div>\n\t\t\t\t\t<\/div>\n\t\t\t\t\t \n\t\t\t\t<\/div>\n\t\t\t<\/div>\n\t\t\t\t\n\t\t\t\t\n\t\t\t\t\n\t\t\t\t\n\t\t\t<\/div>\n\t\t\t\t\n\t\t\t\t\n\t\t\t<\/div>\n","protected":false},"excerpt":{"rendered":"","protected":false},"author":2,"featured_media":894,"parent":0,"menu_order":15,"comment_status":"closed","ping_status":"closed","template":"","meta":{"_et_pb_use_builder":"on","_et_pb_old_content":"","_et_gb_content_width":"","footnotes":""},"class_list":["post-44","page","type-page","status-publish","has-post-thumbnail","hentry"],"aioseo_notices":[],"_links":{"self":[{"href":"https:\/\/taoroconsultores.com\/index.php?rest_route=\/wp\/v2\/pages\/44","targetHints":{"allow":["GET"]}}],"collection":[{"href":"https:\/\/taoroconsultores.com\/index.php?rest_route=\/wp\/v2\/pages"}],"about":[{"href":"https:\/\/taoroconsultores.com\/index.php?rest_route=\/wp\/v2\/types\/page"}],"author":[{"embeddable":true,"href":"https:\/\/taoroconsultores.com\/index.php?rest_route=\/wp\/v2\/users\/2"}],"replies":[{"embeddable":true,"href":"https:\/\/taoroconsultores.com\/index.php?rest_route=%2Fwp%2Fv2%2Fcomments&post=44"}],"version-history":[{"count":5,"href":"https:\/\/taoroconsultores.com\/index.php?rest_route=\/wp\/v2\/pages\/44\/revisions"}],"predecessor-version":[{"id":902,"href":"https:\/\/taoroconsultores.com\/index.php?rest_route=\/wp\/v2\/pages\/44\/revisions\/902"}],"wp:featuredmedia":[{"embeddable":true,"href":"https:\/\/taoroconsultores.com\/index.php?rest_route=\/wp\/v2\/media\/894"}],"wp:attachment":[{"href":"https:\/\/taoroconsultores.com\/index.php?rest_route=%2Fwp%2Fv2%2Fmedia&parent=44"}],"curies":[{"name":"wp","href":"https:\/\/api.w.org\/{rel}","templated":true}]}}